
{"id":23386,"date":"2026-02-10T11:14:10","date_gmt":"2026-02-10T10:14:10","guid":{"rendered":"https:\/\/ryfylkemuseet.no\/hending\/vandreutstilling-hovudplagg-og-harmote\/"},"modified":"2026-05-01T10:29:08","modified_gmt":"2026-05-01T08:29:08","slug":"vandreutstilling-hovudplagg-og-harmote","status":"publish","type":"event","link":"https:\/\/ryfylkemuseet.no\/en\/hending\/vandreutstilling-hovudplagg-og-harmote\/","title":{"rendered":"Vandreutstilling: Hovudplagg og h\u00e5rmote"},"content":{"rendered":"\n\n\n\n\n<p>Sj\u00e5 ikkje mindre enn 75 ulike hovudplagg til bunader fr\u00e5 heile landet, b\u00e5de for menn og kvinner. I samarbeid med Suldal Husflidslag har pinnhua fr\u00e5 Suldal f\u00e5tt ekstra plass i utstillinga. <\/p>\n\n\n\n<p>Utstillinga viser nysydde hovudplagg som er laga av medlemmane i Norsk folkedraktforum rundt i landet. Her er hovudplagg til b\u00e5de jenter, koner, gutar og menn. Alle h\u00f8yrer til bunader som bygger p\u00e5 folkedraktene v\u00e5re. Dei fortel om kor mange ulike handverkstradisjonar som v\u00e5re form\u00f8dre beherska. Her er det finaste broderi og vevde band. Det var ei kunst \u00e5 stiva opp mange hovudplagg. Og det er mykje levande kulturarv i det \u00e5 l\u00e6ra \u00e5 kle p\u00e5 seg desse hovudplagga.<\/p>\n\n\n\n<p>Utstillinga vil st\u00e5 ut august.<\/p>\n\n\n\n<p><em>Utstillinga er utl\u00e5nt fr\u00e5 Norsk folkedraktforum og har f\u00e5tt st\u00f8tte fr\u00e5 Norsk kulturr\u00e5d.<\/em>  <\/p>\n\n\n\n<div class=\"wp-block-columns is-layout-flex wp-container-core-columns-is-layout-28f84493 wp-block-columns-is-layout-flex\">\n<div class=\"wp-block-column is-layout-flow wp-block-column-is-layout-flow\">\n<figure class=\"wp-block-image size-large is-resized\"><img decoding=\"async\"  class=\"wp-image-23393\"  src=\"https:\/\/ryfylkemuseet.imgix.net\/2026\/02\/Logo.jpg?auto=format%2Ccompress&#038;crop=faces&#038;fit=crop&#038;h=auto&#038;ixlib=php-2.1.1&#038;w=421px\"  alt=\"Logo\" width=\"421px\" height=\"auto\" style=\"aspect-ratio:2.9259007477906187;width:421px;height:auto\"><\/figure>\n<\/div>\n\n\n\n<div class=\"wp-block-column is-layout-flow wp-block-column-is-layout-flow\">\n<figure class=\"wp-block-image size-full is-resized\"><img decoding=\"async\"  class=\"wp-image-23391\"  src=\"https:\/\/ryfylkemuseet.imgix.net\/2026\/02\/Logo-Suldal-PNG-1.png?auto=format%2Ccompress&#038;crop=faces&#038;fit=crop&#038;h=auto&#038;ixlib=php-2.1.1&#038;w=353px\"  alt=\"Logo Suldal PNG\" width=\"353px\" height=\"auto\" style=\"aspect-ratio:2.523415170392085;width:353px;height:auto\"><\/figure>\n<\/div>\n<\/div>\n\n\n\n<p><\/p>\n","protected":false},"excerpt":{"rendered":"<p>Sj\u00e5 ikkje mindre enn 75 ulike hovudplagg til bunader fr\u00e5 heile landet, b\u00e5de for menn og kvinner.<\/p>\n","protected":false},"featured_media":0,"parent":0,"template":"","class_list":["post-23386","event","type-event","status-publish","hentry"],"acf":[],"yoast_head":"<!-- This site is optimized with the Yoast SEO plugin v27.4 - https:\/\/yoast.com\/product\/yoast-seo-wordpress\/ -->\n<title>Vandreutstilling: Hovudplagg og h\u00e5rmote - Ryfylkemuseet<\/title>\n<meta name=\"robots\" content=\"index, follow, max-snippet:-1, max-image-preview:large, max-video-preview:-1\" \/>\n<link rel=\"canonical\" href=\"https:\/\/ryfylkemuseet.no\/hending\/vandreutstilling-hovudplagg-og-harmote\/\" \/>\n<meta property=\"og:locale\" content=\"en_US\" \/>\n<meta property=\"og:type\" content=\"article\" \/>\n<meta property=\"og:title\" content=\"Vandreutstilling: Hovudplagg og h\u00e5rmote - Ryfylkemuseet\" \/>\n<meta property=\"og:description\" content=\"Sj\u00e5 ikkje mindre enn 75 ulike hovudplagg til bunader fr\u00e5 heile landet, b\u00e5de for menn og kvinner.\" \/>\n<meta property=\"og:url\" content=\"https:\/\/ryfylkemuseet.no\/hending\/vandreutstilling-hovudplagg-og-harmote\/\" \/>\n<meta property=\"og:site_name\" content=\"Ryfylkemuseet\" \/>\n<meta property=\"article:modified_time\" content=\"2026-05-01T08:29:08+00:00\" \/>\n<meta property=\"og:image\" content=\"https:\/\/ryfylkemuseet.no\/wp-content\/uploads\/2026\/02\/Logo-1024x350.jpg\" \/>\n<meta name=\"twitter:card\" content=\"summary_large_image\" \/>\n<meta name=\"twitter:label1\" content=\"Est. reading time\" \/>\n\t<meta name=\"twitter:data1\" content=\"1 minute\" \/>\n<script type=\"application\/ld+json\" class=\"yoast-schema-graph\">{\"@context\":\"https:\\\/\\\/schema.org\",\"@graph\":[{\"@type\":\"WebPage\",\"@id\":\"https:\\\/\\\/ryfylkemuseet.no\\\/hending\\\/vandreutstilling-hovudplagg-og-harmote\\\/\",\"url\":\"https:\\\/\\\/ryfylkemuseet.no\\\/hending\\\/vandreutstilling-hovudplagg-og-harmote\\\/\",\"name\":\"Vandreutstilling: Hovudplagg og h\u00e5rmote - Ryfylkemuseet\",\"isPartOf\":{\"@id\":\"https:\\\/\\\/ryfylkemuseet.no\\\/#website\"},\"primaryImageOfPage\":{\"@id\":\"https:\\\/\\\/ryfylkemuseet.no\\\/hending\\\/vandreutstilling-hovudplagg-og-harmote\\\/#primaryimage\"},\"image\":{\"@id\":\"https:\\\/\\\/ryfylkemuseet.no\\\/hending\\\/vandreutstilling-hovudplagg-og-harmote\\\/#primaryimage\"},\"thumbnailUrl\":\"https:\\\/\\\/ryfylkemuseet.no\\\/wp-content\\\/uploads\\\/2026\\\/02\\\/Logo-1024x350.jpg\",\"datePublished\":\"2026-02-10T10:14:10+00:00\",\"dateModified\":\"2026-05-01T08:29:08+00:00\",\"breadcrumb\":{\"@id\":\"https:\\\/\\\/ryfylkemuseet.no\\\/hending\\\/vandreutstilling-hovudplagg-og-harmote\\\/#breadcrumb\"},\"inLanguage\":\"en-US\",\"potentialAction\":[{\"@type\":\"ReadAction\",\"target\":[\"https:\\\/\\\/ryfylkemuseet.no\\\/hending\\\/vandreutstilling-hovudplagg-og-harmote\\\/\"]}]},{\"@type\":\"ImageObject\",\"inLanguage\":\"en-US\",\"@id\":\"https:\\\/\\\/ryfylkemuseet.no\\\/hending\\\/vandreutstilling-hovudplagg-og-harmote\\\/#primaryimage\",\"url\":\"https:\\\/\\\/ryfylkemuseet.no\\\/wp-content\\\/uploads\\\/2026\\\/02\\\/Logo-1024x350.jpg\",\"contentUrl\":\"https:\\\/\\\/ryfylkemuseet.no\\\/wp-content\\\/uploads\\\/2026\\\/02\\\/Logo-1024x350.jpg\"},{\"@type\":\"BreadcrumbList\",\"@id\":\"https:\\\/\\\/ryfylkemuseet.no\\\/hending\\\/vandreutstilling-hovudplagg-og-harmote\\\/#breadcrumb\",\"itemListElement\":[{\"@type\":\"ListItem\",\"position\":1,\"name\":\"Home\",\"item\":\"https:\\\/\\\/ryfylkemuseet.no\\\/en\\\/\"},{\"@type\":\"ListItem\",\"position\":2,\"name\":\"Vandreutstilling: Hovudplagg og h\u00e5rmote\"}]},{\"@type\":\"WebSite\",\"@id\":\"https:\\\/\\\/ryfylkemuseet.no\\\/#website\",\"url\":\"https:\\\/\\\/ryfylkemuseet.no\\\/\",\"name\":\"Ryfylkemuseet\",\"description\":\"\",\"publisher\":{\"@id\":\"https:\\\/\\\/ryfylkemuseet.no\\\/#organization\"},\"potentialAction\":[{\"@type\":\"SearchAction\",\"target\":{\"@type\":\"EntryPoint\",\"urlTemplate\":\"https:\\\/\\\/ryfylkemuseet.no\\\/?s={search_term_string}\"},\"query-input\":{\"@type\":\"PropertyValueSpecification\",\"valueRequired\":true,\"valueName\":\"search_term_string\"}}],\"inLanguage\":\"en-US\"},{\"@type\":\"Organization\",\"@id\":\"https:\\\/\\\/ryfylkemuseet.no\\\/#organization\",\"name\":\"Ryfylkemuseet\",\"url\":\"https:\\\/\\\/ryfylkemuseet.no\\\/\",\"logo\":{\"@type\":\"ImageObject\",\"inLanguage\":\"en-US\",\"@id\":\"https:\\\/\\\/ryfylkemuseet.no\\\/#\\\/schema\\\/logo\\\/image\\\/\",\"url\":\"https:\\\/\\\/ryfylkemuseet.no\\\/wp-content\\\/uploads\\\/2024\\\/05\\\/cropped-cropped-ryfylke-300x300-1.png\",\"contentUrl\":\"https:\\\/\\\/ryfylkemuseet.no\\\/wp-content\\\/uploads\\\/2024\\\/05\\\/cropped-cropped-ryfylke-300x300-1.png\",\"width\":512,\"height\":512,\"caption\":\"Ryfylkemuseet\"},\"image\":{\"@id\":\"https:\\\/\\\/ryfylkemuseet.no\\\/#\\\/schema\\\/logo\\\/image\\\/\"}}]}<\/script>\n<!-- \/ Yoast SEO plugin. -->","yoast_head_json":{"title":"Vandreutstilling: Hovudplagg og h\u00e5rmote - Ryfylkemuseet","robots":{"index":"index","follow":"follow","max-snippet":"max-snippet:-1","max-image-preview":"max-image-preview:large","max-video-preview":"max-video-preview:-1"},"canonical":"https:\/\/ryfylkemuseet.no\/hending\/vandreutstilling-hovudplagg-og-harmote\/","og_locale":"en_US","og_type":"article","og_title":"Vandreutstilling: Hovudplagg og h\u00e5rmote - Ryfylkemuseet","og_description":"Sj\u00e5 ikkje mindre enn 75 ulike hovudplagg til bunader fr\u00e5 heile landet, b\u00e5de for menn og kvinner.","og_url":"https:\/\/ryfylkemuseet.no\/hending\/vandreutstilling-hovudplagg-og-harmote\/","og_site_name":"Ryfylkemuseet","article_modified_time":"2026-05-01T08:29:08+00:00","og_image":[{"url":"https:\/\/ryfylkemuseet.no\/wp-content\/uploads\/2026\/02\/Logo-1024x350.jpg","type":"","width":"","height":""}],"twitter_card":"summary_large_image","twitter_misc":{"Est. reading time":"1 minute"},"schema":{"@context":"https:\/\/schema.org","@graph":[{"@type":"WebPage","@id":"https:\/\/ryfylkemuseet.no\/hending\/vandreutstilling-hovudplagg-og-harmote\/","url":"https:\/\/ryfylkemuseet.no\/hending\/vandreutstilling-hovudplagg-og-harmote\/","name":"Vandreutstilling: Hovudplagg og h\u00e5rmote - Ryfylkemuseet","isPartOf":{"@id":"https:\/\/ryfylkemuseet.no\/#website"},"primaryImageOfPage":{"@id":"https:\/\/ryfylkemuseet.no\/hending\/vandreutstilling-hovudplagg-og-harmote\/#primaryimage"},"image":{"@id":"https:\/\/ryfylkemuseet.no\/hending\/vandreutstilling-hovudplagg-og-harmote\/#primaryimage"},"thumbnailUrl":"https:\/\/ryfylkemuseet.no\/wp-content\/uploads\/2026\/02\/Logo-1024x350.jpg","datePublished":"2026-02-10T10:14:10+00:00","dateModified":"2026-05-01T08:29:08+00:00","breadcrumb":{"@id":"https:\/\/ryfylkemuseet.no\/hending\/vandreutstilling-hovudplagg-og-harmote\/#breadcrumb"},"inLanguage":"en-US","potentialAction":[{"@type":"ReadAction","target":["https:\/\/ryfylkemuseet.no\/hending\/vandreutstilling-hovudplagg-og-harmote\/"]}]},{"@type":"ImageObject","inLanguage":"en-US","@id":"https:\/\/ryfylkemuseet.no\/hending\/vandreutstilling-hovudplagg-og-harmote\/#primaryimage","url":"https:\/\/ryfylkemuseet.no\/wp-content\/uploads\/2026\/02\/Logo-1024x350.jpg","contentUrl":"https:\/\/ryfylkemuseet.no\/wp-content\/uploads\/2026\/02\/Logo-1024x350.jpg"},{"@type":"BreadcrumbList","@id":"https:\/\/ryfylkemuseet.no\/hending\/vandreutstilling-hovudplagg-og-harmote\/#breadcrumb","itemListElement":[{"@type":"ListItem","position":1,"name":"Home","item":"https:\/\/ryfylkemuseet.no\/en\/"},{"@type":"ListItem","position":2,"name":"Vandreutstilling: Hovudplagg og h\u00e5rmote"}]},{"@type":"WebSite","@id":"https:\/\/ryfylkemuseet.no\/#website","url":"https:\/\/ryfylkemuseet.no\/","name":"Ryfylkemuseet","description":"","publisher":{"@id":"https:\/\/ryfylkemuseet.no\/#organization"},"potentialAction":[{"@type":"SearchAction","target":{"@type":"EntryPoint","urlTemplate":"https:\/\/ryfylkemuseet.no\/?s={search_term_string}"},"query-input":{"@type":"PropertyValueSpecification","valueRequired":true,"valueName":"search_term_string"}}],"inLanguage":"en-US"},{"@type":"Organization","@id":"https:\/\/ryfylkemuseet.no\/#organization","name":"Ryfylkemuseet","url":"https:\/\/ryfylkemuseet.no\/","logo":{"@type":"ImageObject","inLanguage":"en-US","@id":"https:\/\/ryfylkemuseet.no\/#\/schema\/logo\/image\/","url":"https:\/\/ryfylkemuseet.no\/wp-content\/uploads\/2024\/05\/cropped-cropped-ryfylke-300x300-1.png","contentUrl":"https:\/\/ryfylkemuseet.no\/wp-content\/uploads\/2024\/05\/cropped-cropped-ryfylke-300x300-1.png","width":512,"height":512,"caption":"Ryfylkemuseet"},"image":{"@id":"https:\/\/ryfylkemuseet.no\/#\/schema\/logo\/image\/"}}]}},"_links":{"self":[{"href":"https:\/\/ryfylkemuseet.no\/en\/wp-json\/wp\/v2\/event\/23386","targetHints":{"allow":["GET"]}}],"collection":[{"href":"https:\/\/ryfylkemuseet.no\/en\/wp-json\/wp\/v2\/event"}],"about":[{"href":"https:\/\/ryfylkemuseet.no\/en\/wp-json\/wp\/v2\/types\/event"}],"wp:attachment":[{"href":"https:\/\/ryfylkemuseet.no\/en\/wp-json\/wp\/v2\/media?parent=23386"}],"curies":[{"name":"wp","href":"https:\/\/api.w.org\/{rel}","templated":true}]}}

Vandreutstilling: Hovudplagg og hårmote

<p>Sjå ikkje mindre enn 75 ulike hovudplagg til bunader frå heile landet, både for menn og kvinner. I samarbeid med Suldal Husflidslag har pinnhua frå Suldal fått ekstra plass i utstillinga. </p>



<p>Utstillinga viser nysydde hovudplagg som er laga av medlemmane i Norsk folkedraktforum rundt i landet. Her er hovudplagg til både jenter, koner, gutar og menn. Alle høyrer til bunader som bygger på folkedraktene våre. Dei fortel om kor mange ulike handverkstradisjonar som våre formødre beherska. Her er det finaste broderi og vevde band. Det var ei kunst å stiva opp mange hovudplagg. Og det er mykje levande kulturarv i det å læra å kle på seg desse hovudplagga.</p>



<p>Utstillinga vil stå ut august.</p>



<p><em>Utstillinga er utlånt frå Norsk folkedraktforum og har fått støtte frå Norsk kulturråd.</em>  </p>



<div class="wp-block-columns is-layout-flex wp-container-core-columns-is-layout-28f84493 wp-block-columns-is-layout-flex">
<div class="wp-block-column is-layout-flow wp-block-column-is-layout-flow">
<figure class="wp-block-image size-large is-resized"><img decoding="async"  class="wp-image-23393"  src="https://ryfylkemuseet.imgix.net/2026/02/Logo.jpg?auto=format%2Ccompress&#038;crop=faces&#038;fit=crop&#038;h=auto&#038;ixlib=php-2.1.1&#038;w=421px"  alt="Logo" width="421px" height="auto" style="aspect-ratio:2.9259007477906187;width:421px;height:auto"></figure>
</div>



<div class="wp-block-column is-layout-flow wp-block-column-is-layout-flow">
<figure class="wp-block-image size-full is-resized"><img decoding="async"  class="wp-image-23391"  src="https://ryfylkemuseet.imgix.net/2026/02/Logo-Suldal-PNG-1.png?auto=format%2Ccompress&#038;crop=faces&#038;fit=crop&#038;h=auto&#038;ixlib=php-2.1.1&#038;w=353px"  alt="Logo Suldal PNG" width="353px" height="auto" style="aspect-ratio:2.523415170392085;width:353px;height:auto"></figure>
</div>
</div>



<p></p>

<p>Sjå ikkje mindre enn 75 ulike hovudplagg til bunader frå heile landet, både for menn og kvinner.</p>

<!-- This site is optimized with the Yoast SEO plugin v27.4 - https://yoast.com/product/yoast-seo-wordpress/ -->
<title>Vandreutstilling: Hovudplagg og hårmote - Ryfylkemuseet</title>
<meta name="robots" content="index, follow, max-snippet:-1, max-image-preview:large, max-video-preview:-1" />
<link rel="canonical" href="https://ryfylkemuseet.no/hending/vandreutstilling-hovudplagg-og-harmote/" />
<meta property="og:locale" content="en_US" />
<meta property="og:type" content="article" />
<meta property="og:title" content="Vandreutstilling: Hovudplagg og hårmote - Ryfylkemuseet" />
<meta property="og:description" content="Sjå ikkje mindre enn 75 ulike hovudplagg til bunader frå heile landet, både for menn og kvinner." />
<meta property="og:url" content="https://ryfylkemuseet.no/hending/vandreutstilling-hovudplagg-og-harmote/" />
<meta property="og:site_name" content="Ryfylkemuseet" />
<meta property="article:modified_time" content="2026-05-01T08:29:08+00:00" />
<meta property="og:image" content="https://ryfylkemuseet.no/wp-content/uploads/2026/02/Logo-1024x350.jpg" />
<meta name="twitter:card" content="summary_large_image" />
<meta name="twitter:label1" content="Est. reading time" />
	<meta name="twitter:data1" content="1 minute" />
<script type="application/ld+json" class="yoast-schema-graph">{"@context":"https:\/\/schema.org","@graph":[{"@type":"WebPage","@id":"https:\/\/ryfylkemuseet.no\/hending\/vandreutstilling-hovudplagg-og-harmote\/","url":"https:\/\/ryfylkemuseet.no\/hending\/vandreutstilling-hovudplagg-og-harmote\/","name":"Vandreutstilling: Hovudplagg og hårmote - Ryfylkemuseet","isPartOf":{"@id":"https:\/\/ryfylkemuseet.no\/#website"},"primaryImageOfPage":{"@id":"https:\/\/ryfylkemuseet.no\/hending\/vandreutstilling-hovudplagg-og-harmote\/#primaryimage"},"image":{"@id":"https:\/\/ryfylkemuseet.no\/hending\/vandreutstilling-hovudplagg-og-harmote\/#primaryimage"},"thumbnailUrl":"https:\/\/ryfylkemuseet.no\/wp-content\/uploads\/2026\/02\/Logo-1024x350.jpg","datePublished":"2026-02-10T10:14:10+00:00","dateModified":"2026-05-01T08:29:08+00:00","breadcrumb":{"@id":"https:\/\/ryfylkemuseet.no\/hending\/vandreutstilling-hovudplagg-og-harmote\/#breadcrumb"},"inLanguage":"en-US","potentialAction":[{"@type":"ReadAction","target":["https:\/\/ryfylkemuseet.no\/hending\/vandreutstilling-hovudplagg-og-harmote\/"]}]},{"@type":"ImageObject","inLanguage":"en-US","@id":"https:\/\/ryfylkemuseet.no\/hending\/vandreutstilling-hovudplagg-og-harmote\/#primaryimage","url":"https:\/\/ryfylkemuseet.no\/wp-content\/uploads\/2026\/02\/Logo-1024x350.jpg","contentUrl":"https:\/\/ryfylkemuseet.no\/wp-content\/uploads\/2026\/02\/Logo-1024x350.jpg"},{"@type":"BreadcrumbList","@id":"https:\/\/ryfylkemuseet.no\/hending\/vandreutstilling-hovudplagg-og-harmote\/#breadcrumb","itemListElement":[{"@type":"ListItem","position":1,"name":"Home","item":"https:\/\/ryfylkemuseet.no\/en\/"},{"@type":"ListItem","position":2,"name":"Vandreutstilling: Hovudplagg og hårmote"}]},{"@type":"WebSite","@id":"https:\/\/ryfylkemuseet.no\/#website","url":"https:\/\/ryfylkemuseet.no\/","name":"Ryfylkemuseet","description":"","publisher":{"@id":"https:\/\/ryfylkemuseet.no\/#organization"},"potentialAction":[{"@type":"SearchAction","target":{"@type":"EntryPoint","urlTemplate":"https:\/\/ryfylkemuseet.no\/?s={search_term_string}"},"query-input":{"@type":"PropertyValueSpecification","valueRequired":true,"valueName":"search_term_string"}}],"inLanguage":"en-US"},{"@type":"Organization","@id":"https:\/\/ryfylkemuseet.no\/#organization","name":"Ryfylkemuseet","url":"https:\/\/ryfylkemuseet.no\/","logo":{"@type":"ImageObject","inLanguage":"en-US","@id":"https:\/\/ryfylkemuseet.no\/#\/schema\/logo\/image\/","url":"https:\/\/ryfylkemuseet.no\/wp-content\/uploads\/2024\/05\/cropped-cropped-ryfylke-300x300-1.png","contentUrl":"https:\/\/ryfylkemuseet.no\/wp-content\/uploads\/2024\/05\/cropped-cropped-ryfylke-300x300-1.png","width":512,"height":512,"caption":"Ryfylkemuseet"},"image":{"@id":"https:\/\/ryfylkemuseet.no\/#\/schema\/logo\/image\/"}}]}</script>
<!-- / Yoast SEO plugin. -->

Vandreutstilling: Hovudplagg og hårmote - Ryfylkemuseet

Sjå ikkje mindre enn 75 ulike hovudplagg til bunader frå heile landet, både for menn og kvinner.
